r(u).
-17
Let z(h) = -h + 5. Suppose 8 = -7*o + 8. Suppose o = 8*d + 3 + 37. Determine z(d).
10
Let o(a) = -107*a**2 + 289*a - 8. Let c(g) = 54*g**2 - 133*g + 4. Let w(l) = -13*c(l) - 6*o(l). Determine w(-1).
-59
Let j be 2*((-10)/4 + 2). Let u = 121 - 114. Let i(n) = -20*n - 6 + u + 24*n. What is i(j)?
-3
Let s(j) = j**2 - 17*j + 73. Let r(m) = -3*m**2 + 29*m + 230. Let x be r(-5). Calculate s(x).
3
Let a(i) = 21 - 930*i**2 - 2 - 10*i - 948*i**2 + 1883*i**2. Calculate a(2).
19
Let y(t) be the third derivative of 5*t**4/12 + 5*t**3/6 + 205*t**2 + 3*t. Determine y(-1).
-5
Let c(i) be the first derivative of i**2 - 35 - 36 + 3*i - 7*i + i - 50. Let y = 7 - 4. Calculate c(y).
3
Let w be 4*(11/(-55))/((-4)/230). Let o(y) = 3*y**2 - w + 26 + 25 - 4*y. Determine o(4).
37
Let q be (56/84 - (-4)/3)*(-19 + 17). Let v(i) be the third derivative of -i**6/120 - i**5/15 + i**4/12 - i**3/3 - i**2. Determine v(q).
-10
Let u(h) = 5*h**2 + 12*h**2 + h**3 + 8*h**2 - h - 13*h - 10*h**2 - 9. Calculate u(-16).
-41
Let k be (1/3)/(5/30). Let l(b) = -3 + 33963*b**2 - 67929*b**2 + 33963*b**2 + 5 + 4*b - 4 + 4*b**3. Give l(k).
26
Let c(v) be the first derivative of -6*v + 7/2*v**2 - 7 + 4/3*v**3 - 1/4*v**4. What is c(5)?
4
Let s(n) = n**2 - 3*n + 1. Suppose -2*r + 35 = 3*r + i, -2*i = r + 2. Suppose -2*h + 15 = 5*c - 4, 0 = -4*c - 4*h + r. Give s(c).
11
Let y(a) be the first derivative of a**3/3 + 5*a**2/2 - 47*a - 155. Give y(-10).
3
Let a(l) = -95*l - 32. Let t(u) = -103*u - 33. Let y(j) = -11*a(j) + 10*t(j). What is y(-10)?
-128
Let n(u) = 137*u**2 - 136*u**2 + 1 + 3*u + 4. Let d = -65 + 61. What is n(d)?
9
Let v(k) = 11*k + 5 + 0 + 4 - 6*k + 2*k - k**2. Determine v(6).
15
Let b(q) = q**3 - 12*q**2 - 3*q. Let x(y) = -y**3 + 11*y**2 + 2*y + 1. Let z(a) = -a**2 + 27*a - 30. Let k be z(26). Let j(d) = k*b(d) - 5*x(d). What is j(7)?
9
Let y(c) = 5*c**2 - 5*c + 0*c**2 + 6 - 3*c**2. Let x = 24166 - 24162. Give y(x).
18
Suppose -4*o = -2*j - 20, j = 4*j + 3*o - 6. Let b be (j - -2)/(2 + 1/(-1)). Let d(u) = 12 + 6*u**2 - u**3 - u - 3*u**2 - 4*u**2. Determine d(b).
12
Suppose -5*a - 4*p = 23 + 40, 4*p = -8. Let j(v) = 2*v**2 + 21*v + 6. Determine j(a).
17
Let z = -574 - -568. Let u be (7 + -2 + z)*5. Let t(w) = -w**2 + w - 2. What is t(u)?
-32
Let n be 4/(-3) - ((-6024)/360 + 6/(-10)). Let j(s) = -2*s**2 + 28*s + 49. Give j(n).
-15
Let a(r) = r**2 + 151*r + 3055. Let u be a(-127). Let t(s) = -s**2 + 12*s - 11. Give t(u).
24
Let x(j) be the second derivative of -j**8/6720 - j**7/840 + j**5/120 - 4*j**4/3 - 285*j. Let y(m) be the third derivative of x(m). Calculate y(-3).
1
Let u(s) = -s**3 + 5*s**2 - 3*s - 8. Suppose 0 = 2*p + r - 11, 3*p + 98 = 2*r + 97. Determine u(p).
1
Let f(t) = 98660910*t - 98660965*t + 204 + 169. Calculate f(7).
-12
Suppose -12*g + 384 = -168. Suppose -42*w + g*w + 508 = 0. Let a = w + 126. Let z(u) = 27*u**2 - 1. Calculate z(a).
26
Let f(s) be the third derivative of -s**4/12 + s**3/6 - 114*s**2. Suppose -4 = -2*l - 0*l. Let k(u) = -u + 2. Let o(c) = l*f(c) - 3*k(c). Give o(0).
-4
Let j be -5*(1 - 7/5). Let s(p) be the first derivative of 0*p**2 + 38 - 1/4*p**4 + 4/3*p**3 + 0*p. Calculate s(j).
8
Let d be 1*20/8*(1 - 3). Let h(k) = -3*k**3 - 50 + 5*k**3 + 3*k**3 + 4*k - k. Let q(z) = -3*z**3 - 2*z + 33. Let i(j) = d*h(j) - 8*q(j). What is i(0)?
-14
Let n(x) = x**3 - 10*x**2 - 12*x + 6. Let j(c) = c**3 - 17*c**2 - 19*c + 17. Suppose 2*s = 13 + 23. Let w be j(s). Let v be 44/(-12)*w*3. Determine n(v).
-5
Let h(i) = i**3 - 6*i**2 - 7*i + 10. Let l be (-4 + 1 + 3)/2. Let n(y) = y - 2. Let p be n(4). Suppose p*q + 5*g + 1 = l, 4*g = -3 - 9. Calculate h(q).
10
Let g(o) = 34*o + 111. Let f(k) = -5*k - 21. Let r(u) = -6*f(u) - g(u). Give r(-5).
35
Suppose 22*v + 108 = -2. Let u(n) = -9*n - 40. Give u(v).
5
Let y(n) = 2*n - 1. Let p(q) = q + 7 + 3 + 6*q + q**2. Let s(f) = 13*f + 254. Let t be s(-20). Let h be p(t). Calculate y(h).
7
Let f(a) = 4*a**3 + 9*a**2 + 22*a - 4. Let s(v) = -v**3 + 2*v**2 - 7*v - 1. Let t(h) = -f(h) - 2*s(h). Determine t(-6).
18
Let i(c) = c**2 - 6*c + 16. Suppose -56 + 31 = -16*y + 71. Determine i(y).
16
Let m(u) = 2*u - 3. Let q(d) = d - 3. Let g be -4 + 0/2 - (6 - 7). Let c(l) = g*q(l) + 2*m(l). Give c(3).
6
Suppose -254 + 70 = -49*f + 3*f. Let t(a) = 10*a - 25. Determine t(f).
15
Let y(s) be the third derivative of -s**4/12 + 23*s**3/6 - 11*s**2 - 2722*s. Suppose 3*k = k + 22. Calculate y(k).
1
Let c be (0 - -42)*22/(-66). Let o(a) = a**3 + 15*a**2 + 6*a - 17. Calculate o(c).
95
Let g = -5351 + 5353. Let u(w) = 25*w + 2. Give u(g).
52
Suppose -76735 = -3*o + 5*l, -2*o + o + 25593 = 2*l. Let r(k) = 0*k**3 - 25587 - k**2 + k - k**2 - 2*k**3 + o. Determine r(-2).
4
Suppose 2*u + 4*p - 4 = 0, -u + 10 = 4*u - p. Let x(d) = 19 - 15 - 4*d**2 - d + 5*d**u. Calculate x(0).
4
Let y(d) = -134*d**2 + 94*d**2 - 55 + 24*d + 41*d**2 + 190. Calculate y(-8).
7
Suppose -q = 4*i - 35, -4*q - i - 112 = -9*q. Suppose -23*x = -138 - q. Let g(t) = t**2 - 6*t - 8. What is g(x)?
-1
Let d(p) = 2 + p**2 + 10 + 172486*p + 0 - 172501*p. Determine d(13).
-14
Let g be 7 - (5 - (-2 - -3)). Suppose -g*b = 6*b - 270. Suppose -2*k + 3*f - 1 = 10, 0 = -4*k - 2*f - b. Let c(z) = -z**3 - 7*z**2 - z - 1. Determine c(k).
6
Let s be 124/93*54/6. Let v(x) = x**2 - 11*x - 10. Calculate v(s).
2
Let m(y) be the first derivative of 27*y**4/4 - y**3/3 + y**2 - y - 43379. Let u be 2*(2 + 0)/4. Calculate m(u).
27
Let o(w) = 2*w + 3. Suppose -r = -25 - 36. Let n = r + -55. Suppose n*b = -37 + 7. Calculate o(b).
-7
Suppose 4*o = -i - 0*i + 6, -2*i + 2*o = -2. Let f(c) = -762 + 0*c + i*c - 14*c**2 + 761. Suppose -5*y = -14 + 9. Calculate f(y).
-13
Let y(z) = -20*z + 2*z**2 - 41 - 12*z + 10 + 8*z - 17*z. Calculate y(21).
-10
Let d(q) = 6*q**3 - 3*q**2 + 4. Suppose 223*g + 438 = 4*g. Calculate d(g).
-56
Let n(g) = 15*g**3 + 20*g**2 - 25*g + 6. Let d(s) = 17*s**3 + 17*s**2 - 21*s + 5. Let o(z) = -6*d(z) + 5*n(z). Determine o(1).
-28
Suppose 12 = -5*n - 4*c + 6*c, 16 = -2*n - 2*c. Let q be (-10)/(-85) - (-4)/(-34). Let p(h) = q - h**2 - 4 + 19*h + 24*h - 47*h. Give p(n).
-4
Let o(d) be the third derivative of -d**5/60 - d**4/3 + 7*d**3/6 + 65*d**2. Let q = -62 - -53. Give o(q).
-2
Let b(n) = -n + n**2 - n**2 + n**2 - n**3. Let u(k) = -k**2 + 27*k + 58. Let g be u(29). Let h(q) = -q**2 + 8*q + 2. Let l be h(g). Determine b(l).
-6
Suppose 7*k - q = 2*k - 4*q - 15, 0 = -4*q. Let d(y) = -6*y - 2 + 5 + 1 + 1. Let v(g) = 12*g - 11. Let s(u) = -13*d(u) - 6*v(u). Determine s(k).
-17
Let j(k) = -10*k - 1. Let c be 14 + (-33 - (-19 + 0)). Give j(c).
-1
Let l(f) = -f**3 + 12*f**2 - 9*f + 9. Suppose 87*u - 86*u + 40 = 4*k, -2*k = 2*u - 30. Calculate l(k).
31
Let y(c) = 3*c**2 + 9. Let p(d) = -d**3 - 3*d**2 - 6*d - 11. Let r be p(-3). Calculate y(r).
156
Let w(r) = -17811*r - 17795*r + 8 + 35632*r. What is w(-1)?
-18
Let k(y) be the first derivative of -y**4/4 + 5*y**3/3 + 2*y + 19. Let g be k(5). Let i(n) = 3*n**3 - n + 4*n**2 - 3*n - 8 - g*n**3 + 1. Calculate i(-5).
-12
Let s(z) be the first derivative of -1/2*z**3 + 11 + 1/4*z**4 + 10*z - 1/2*z**2. Let u(c) be the first derivative of s(c). Give u(3).
17
Let t(b) = 15*b**2 + 4*b + 2. Let o(u) = -8*u**2 + u - 2. Let l(j) = -2*o(j) - t(j). Give l(11).
57
Suppose -2*a = 14*a - 864. Let n(s) = 28*s - a*s + 25*s + 7. Give n(6).
1
Let k = 19338 - 19334. Let t(l) = l + 7. Let c be t(-6). Let n(b) = -b - c - 2*b + 2. Give n(k).
-11
Let c(x) = 8*x + 105. Let t be (-414)/23 - 7/(-1). Calculate c(t).
17
Let b(h) = h**2 + 16*h - 14. Let n(v) be the second derivative of -9*v**5/10 + v**3/6 + 2*v + 222. Let i be n(1). Give b(i).
3
Let r(u) = -1355 + 3*u - 1415 + 2812. Determine r(-11).
9
Let n = -71 - -74. Let r be (2/(-3))/((-12)/18). Let d be ((r - n) + 1)*(3 + -3). Let i(f) = f**3 - f**2 + 4. Give i(d).
4
Let r(y) be the third derivative of y**5/60 - 17*y**4/24 - y**3/2 + 183*y**2. Let x be r(17). Let m(n) = n**3 + 4*n**2 + 2*n. Calculate m(x).
3
Let z(d) = 447*d - 698*d + 10*d**2 + 258*d + 23. Give z(-3).
92
Let m(n) = -n**3 - 8*n**2 + 9*n - 9. Let q(w) = 2*w**2 + 4*w + 2. Let r be q(0). Suppose t + 22 - 3 = -r*s, 43 = -2*t - 5*s. Give m(t).
-9
Suppose -4*d + 2 = 10. Let c(z) = -7*z**2 + 0 + 110*z**3 + 2 + 106*z**3 + 6*z**2 - 218*z**3 + z. Determine c